24710 is divided by 63391?
627
What is the remainder when 6186717 is divided by 3093355?
7
Calculate the remainder when 434292 is divided by 622.
136
What is the remainder when 215103 is divided by 11186?
2569
What is the remainder when 45132 is divided by 466?
396
What is the remainder when 6235176 is divided by 23008?
8
Calculate the remainder when 21195 is divided by 657.
171
What is the remainder when 2149105 is divided by 7?
0
What is the remainder when 186544 is divided by 1109?
232
What is the remainder when 19937 is divided by 4975?
37
What is the remainder when 279594 is divided by 386?
130
What is the remainder when 1484427 is divided by 212050?
77
What is the remainder when 495653 is divided by 70798?
67
What is the remainder when 2469062 is divided by 1014?
986
Calculate the remainder when 1023922538 is divided by 380.
378
What is the remainder when 267582 is divided by 53178?
1692
What is the remainder when 396781 is divided by 3890?
1
Calculate the remainder when 1148739 is divided by 574369.
1
Calculate the remainder when 1131146 is divided by 1261.
29
What is the remainder when 3678 is divided by 1929?
1749
Calculate the remainder when 23837228 is divided by 911.
2
What is the remainder when 12635910 is divided by 41?
38
Calculate the remainder when 15343 is divided by 929.
479
Calculate the remainder when 66558100 is divided by 1482.
1480
Calculate the remainder when 1057803 is divided by 266.
187
Calculate the remainder when 86667 is divided by 5472.
4587
What is the remainder when 684918 is divided by 5372?
2674
What is the remainder when 161977507 is divided by 365?
362
Calculate the remainder when 1350110 is divided by 5173.
5130
Calculate the remainder when 26483 is divided by 5159.
688
What is the remainder when 229524438 is divided by 2278?
2270
What is the remainder when 387322 is divided by 3339?
3337
Calculate the remainder when 2393947551 is divided by 211.
209
What is the remainder when 272379666 is divided by 76?
74
What is the remainder when 371404 is divided by 46?
0
What is the remainder when 75181 is divided by 15030?
31
Calculate the remainder when 3176779 is divided by 413.
396
Calculate the remainder when 16526 is divided by 5606.
5314
Calculate the remainder when 119534 is divided by 9819.
1706
Calculate the remainder when 1715912 is divided by 366.
104
Calculate the remainder when 6728311 is divided by 137.
104
What is the remainder when 49011 is divided by 9458?
1721
Calculate the remainder when 3934887 is divided by 1967438.
11
What is the remainder when 91844 is divided by 4830?
74
What is the remainder when 6673389 is divided by 1668347?
1
What is the remainder when 646644 is divided by 161410?
1004
Calculate the remainder when 396362566 is divided by 24.
22
Calculate the remainder when 122059 is divided by 66.
25
What is the remainder when 175130321 is divided by 519?
518
Calculate the remainder when 7452001 is divided by 68.
17
What is the remainder when 173604 is divided by 93?
66
What is the remainder when 37025629 is divided by 361?
25
Calculate the remainder when 1114528 is divided by 32779.
42
Calculate the remainder when 108685 is divided by 690.
355
What is the remainder when 398288 is divided by 398264?
24
Calculate the remainder when 147988 is divided by 4120.
3788
Calculate the remainder when 372866 is divided by 209.
10
Calculate the remainder when 956898 is divided by 14.
12
Calculate the remainder when 61737 is divided by 30857.
23
Calculate the remainder when 8357785 is divided by 48.
25
What is the remainder when 74197 is divided by 4?
1
Calculate the remainder when 153422894 is divided by 687.
680
What is the remainder when 352191 is divided by 819?
21
What is the remainder when 13634229 is divided by 24?
21
What is the remainder when 404803943 is divided by 852?
851
What is the remainder when 771995 is divided by 8292?
839
What is the remainder when 60326 is divided by 5492?
5406
What is the remainder when 4030173 is divided by 95?
83
What is the remainder when 759879 is divided by 379904?
71
Calculate the remainder when 102896 is divided by 441.
143
What is the remainder when 25948887 is divided by 90?
87
What is the remainder when 131107 is divided by 67?
55
What is the remainder when 391451 is divided by 475?
51
What is the remainder when 5813674 is divided by 78560?
234
Calculate the remainder when 5397808 is divided by 2894.
498
What is the remainder when 60777 is divided by 58673?
2104
Calculate the remainder when 3015 is divided by 563.
200
What is the remainder when 149943 is divided by 490?
3
What is the remainder when 462016031 is divided by 4?
3
Calculate the remainder when 31744 is divided by 15062.
1620
Calculate the remainder when 1054365 is divided by 174.
99
Calculate the remainder when 12098020 is divided by 11555.
11490
Calculate the remainder when 1227046 is divided by 307.
274
What is the remainder when 157714 is divided by 1130?
644
Calculate the remainder when 2423795 is divided by 40.
35
What is the remainder when 20063140 is divided by 85?
80
Calculate the remainder when 6761644 is divided by 1081.
1070
What is the remainder when 1621412 is divided by 2206?
2
What is the remainder when 3058534 is divided by 1914?
1876
What is the remainder when 1500452 is divided by 22?
8
Calculate the remainder when 12482 is divided by 1037.
38
What is the remainder when 340187455 is divided by 1513?
1509
Calculate the remainder when 63881 is divided by 9124.
13
Calculate the remainder when 1904794 is divided by 3385.
2424
Calculate the remainder when 308975 is divided by 4972.
711
Calculate the remainder when 1385461 is divided by 273.
259
Calculate the remainder when 15969646 is divided by 557.
456
Calculate the remainder when 10716639 is divided by 176.
175
Calculate the remainder when 5813040 is divided by 25951.
16
What is the remainder when 346792 is divided by 172475?
1842
Calculate the remainder when 8039754 is divided by 11213.
33
What is the remainder when 5707156 is divided by 255?
1
Calculate the remainder when 30387 is divided by 2035.
1897
What is the remainder when 1417663 is divided by 106?
19
What is the remainder when 39080871 is divided by 106198?
7
What is the remainder when 5874144 is divided by 8?
0
Calculate the remainder when 5465770 is divided by 871.
245
Calculate the remainder when 3025369 is divided by 4133.
13
What is the remainder when 44196944 is divided by 175?
169
Calculate the remainder when 59162 is divided by 3135.
2732
Calculate the remainder when 32833 is divided by 10933.
34
What is the remainder when 308690 is divided by 58?
14
Calculate the remainder when 86254216 is divided by 52.
48
Calculate the remainder when 6074199 is divided by 44.
43
Calculate the remainder when 266017 is divided by 88280.
1177
What is the remainder when 18957042 is divided by 3791402?
32
What is the remainder when 90147 is divided by 371?
365
What is the remainder when 4389448 is divided by 1950?
1948
What is the remainder when 443178 is divided by 110601?
774
Calculate the remainder when 3480900 is divided by 1949.
1935
Calculate the remainder when 49965535 is divided by 2220.
2215
What is the remainder when 3403103 is divided by 8382?
11
Calculate the remainder when 216827 is divided by 108047.
733
What is the remainder when 2648 is divided by 1828?
820
Calculate the remainder when 99388 is divided by 95045.
4343
What is the remainder when 116787 is divided by 444?
15
What is the remainder when 1957035 is divided by 2997?
2991
What is the remainder when 809304 is divided by 16?
8
Calculate the remainder when 257059 is divided by 791.
775
What is the remainder when 4704246 is divided by 50?
46
What is the remainder when 2250864 is divided by 569?
469
Calculate the remainder when 100579 is divided by 4570.
39
Calculate the remainder when 8015675 is divided by 1719.
1697
What is the remainder when 1813248597 is divided by 200?
197
Calculate the remainder when 1910891 is divided by 2230.
2011
What is the remainder when 7994318 is divided by 3997142?
34
Calculate the remainder when 14475843 is divided by 82249.
19
What is the remainder when 203610 is divided by 33910?
150
Calculate the remainder when 953835 is divided by 332.
331
Calculate the remainder whe